50?
True
Is 167 a factor of 1871511?
False
Does 81 divide 63047?
False
Does 15 divide 23497583?
False
Does 14 divide 53865?
False
Does 209 divide 1451732?
False
Does 14 divide 381780?
True
Is 684200 a multiple of 25?
True
Does 1005 divide 7345738?
False
Is 76732 a multiple of 323?
False
Is 21 a factor of 574779?
False
Is 218868 a multiple of 39?
True
Is 9 a factor of 97711?
False
Is 1641129 a multiple of 316?
False
Does 7 divide 250040?
True
Does 78 divide 128925?
False
Is 393250 a multiple of 22?
True
Does 566 divide 1573930?
False
Is 47 a factor of 698373?
True
Is 7 a factor of 2654582?
True
Does 15 divide 38304?
False
Does 394 divide 1187122?
True
Is 31351 a multiple of 10?
False
Is 134 a factor of 654547?
False
Is 537154 a multiple of 147?
False
Does 38 divide 100016?
True
Is 45784 a multiple of 236?
True
Does 392 divide 190512?
True
Does 211 divide 1666641?
False
Is 65 a factor of 310505?
True
Is 322 a factor of 8502056?
False
Is 15213402 a multiple of 747?
True
Is 14396572 a multiple of 37?
False
Is 181902 a multiple of 42?
True
Is 12262139 a multiple of 35?
False
Is 2132 a factor of 13367640?
True
Is 360681 a multiple of 12?
False
Does 130 divide 674171?
False
Is 1329012 a multiple of 32?
False
Is 33 a factor of 149094?
True
Does 167 divide 507435?
False
Does 10 divide 317140?
True
Is 707784 a multiple of 14?
True
Does 88 divide 92752?
True
Is 520 a factor of 6782880?
True
Does 952 divide 1598408?
True
Is 3401200 a multiple of 55?
True
Is 4533374 a multiple of 64?
False
Is 586363 a multiple of 4?
False
Is 9 a factor of 158054?
False
Is 80092 a multiple of 38?
False
Is 201 a factor of 3159468?
False
Is 10913815 a multiple of 27?
False
Is 8100148 a multiple of 2723?
False
Does 87 divide 49068?
True
Does 4 divide 503344?
True
Is 191 a factor of 15798021?
False
Does 114 divide 158688?
True
Is 124 a factor of 5418616?
False
Is 355320 a multiple of 674?
False
Is 13343635 a multiple of 11?
False
Does 17 divide 278396?
False
Does 39 divide 13611?
True
Is 92453 a multiple of 59?
True
Does 94 divide 194204?
True
Is 13 a factor of 1356004?
True
Is 1193334 a multiple of 121?
False
Is 28 a factor of 115836?
True
Is 5213298 a multiple of 18?
False
Does 557 divide 261515?
False
Is 3082518 a multiple of 18?
True
Does 22 divide 3837988?
True
Is 130728 a multiple of 838?
True
Is 28 a factor of 170968?
True
Is 18 a factor of 2297898?
True
Does 12 divide 1426200?
True
Is 1205092 a multiple of 386?
True
Is 164 a factor of 7699144?
True
Is 11440512 a multiple of 24?
True
Is 34 a factor of 1513660?
False
Does 139 divide 6307099?
False
Is 1132 a factor of 45280?
True
Is 2967 a multiple of 23?
True
Is 5 a factor of 51657?
False
Does 821 divide 1688354?
False
Does 33 divide 762307?
False
Is 1124789 a multiple of 354?
False
Is 25311 a multiple of 429?
True
Is 2 a factor of 97246?
True
Is 34 a factor of 52883?
False
Is 8473505 a multiple of 38?
False
Does 268 divide 4893445?
False
Is 18 a factor of 543150?
True
Is 179 a factor of 796104?
False
Does 2202 divide 2613774?
True
Is 10559613 a multiple of 15?
False
Is 35 a factor of 354291?
False
Is 812 a factor of 3769782?
False
Does 308 divide 471882?
False
Does 257 divide 2834453?
True
Does 8 divide 113720?
True
Is 14 a factor of 2413712?
True
Is 11 a factor of 9714797?
False
Is 16 a factor of 1067824?
True
Does 726 divide 19962096?
True
Is 8985 a multiple of 5?
True
Is 2147866 a multiple of 212?
False
Is 595 a factor of 2129949?
False
Is 503 a factor of 125750?
True
Is 78764 a multiple of 5?
False
Does 127 divide 43815?
True
Does 4 divide 4048036?
True
Does 36 divide 117936?
True
Is 1272 a factor of 2800944?
True
Is 13726724 a multiple of 121?
True
Is 393480 a multiple of 15?
True
Is 2193 a factor of 11200379?
False
Is 1410 a factor of 9823470?
True
Does 75 divide 288675?
True
Is 1208 a multiple of 8?
True
Is 98 a factor of 58702?
True
Does 42 divide 699669?
False
Is 633875 a multiple of 275?
True
Is 255708 a multiple of 18?
True
Is 80539 a multiple of 29?
False
Is 69240 a multiple of 120?
True
Does 106 divide 3236913?
False
Is 2548392 a multiple of 28?
True
Does 1502 divide 10577084?
True
Does 132 divide 652212?
True
Is 28 a factor of 65268?
True
Is 56 a factor of 7616?
True
Is 134 a factor of 16214?
True
Is 23 a factor of 720222?
True
Is 96120 a multiple of 24?
True
Is 1605504 a multiple of 64?
True
Is 99 a factor of 2207700?
True
Is 29344 a multiple of 14?
True
Is 57 a factor of 78774?
True
Is 750 a factor of 539621?
False
Is 7574751 a multiple of 1591?
True
Is 138 a factor of 309396?
True
Is 110 a factor of 644126?
False
Is 20 a factor of 1575200?
True
Is 66192 a multiple of 28?
True
Is 4218192 a multiple of 176?
True
Does 7 divide 159044?
False
Is 51547 a multiple of 73?
False
Is 677 a factor of 1265363?
False
Does 3 divide 98714?
False
Is 8214146 a multiple of 38?
False
Does 10 divide 237870?
True
Is 81 a factor of 21546?
True
Is 11 a factor of 116116?
True
Does 146 divide 396969?
False
Is 276165 a multiple of 171?
True
Is 5426915 a multiple of 145?
True
Is 7511700 a multiple of 438?
True
Is 34 a factor of 3223366?
False
Is 79470 a multiple of 26?
False
Is 45816 a multiple of 83?
True
Does 200 divide 1228504?
False
Does 22 divide 89054?
False
Does 21 divide 4706751?
True
Is 90636 a multiple of 26?
True
Does 9 divide 141861?
False
Is 883595 a multiple of 64?
False
Is 177401 a multiple of 8?
False
Is 48 a factor of 82368?
True
Is 31 a factor of 204538?
True
Does 27 divide 6851748?
False
Is 629744 a multiple of 8?
True
Does 50 divide 403150?
True
Is 10 a factor of 882196?
False
Is 135432 a multiple of 198?
True
Is 2872 a multiple of 8?
True
Is 32 a factor of 235616?
True
Is 15957 a multiple of 25?
False
Is 12 a factor of 268566?
False
Is 133744 a multiple of 104?
True
Does 2029 divide 8916152?
False
Does 276 divide 10250364?
True
Does 4 divide 190158?
False
Is 9 a factor of 6419999?
False
Is 1475821 a multiple of 13?
False
Is 56558 a multiple of 71?
False
Is 12 a factor of 2254958?
False
Is 8 a factor of 8568752?
True
Does 2 divide 18101?
False
Is 457340 a multiple of 5?
True
Is 13 a factor of 742638?
True
Does 201 divide 164217?
True
Is 6 a factor of 44234?
False
Is 34 a factor of 38037?
False
Does 30 divide 62041?
False
Is 16 a factor of 1767712?
True
Is 1462804 a multiple of 28?
True
Is 65 a factor of 74856?
False
Is 7950 a multiple of 5?
True
Is 5493551 a multiple of 86?
False
Does 667 divide 11387010?
False
Is 4249344 a multiple of 1056?
True
Is 520260 a multiple of 29?
True
Does 605 divide 974468?
False
Does 94 divide 51778?
False
Does 138 divide 246760?
False
Is 332 a factor of 964128?
True
Is 78 a factor of 1138627?
False
Does 126 divide 116893?
False
Does 206 divide 2153712?
False
Is 17 a factor of 2423307?
False
Is 758297 a multiple of 100?
False
Is 790 a multiple of 2?
True
Is 1731315 a multiple of 18?
False
Does 866 divide 2636682?
False
Does 2 divide 624335?
False
Is 33790 a multiple of 109?
True
Does 31 divide 215281?
False
Does 132 divide 211194?
False
Does 13 divide 25051?
True
Is 48557 a multiple of 24?
False
Does 117 divide 1083771?
True
Does 2 divide 4556?
True
Does 223 divide 792542?
True
Does 25 divide 951283?
False
Is 7478262 a multiple of 358?
True
Is 16 a factor of 3401200?
True
Is 383 a factor of 7738898?
True
Is 22 a factor of 7102887?
False
Is 8 a factor of 15826472?
True
Does 575 divide 879750?
True
Does 111 divide 69418?
False
Does 5 divide 9228775?
True
Is 134 a factor of 23290?
False
Does 217 divide 335048?
True
Does 66 divide 114348?
False
Does 33 divide 9953238?
False
Does 35 divide 37590?
True
Is 1792368 a multiple of 461?
True
Does 153 divide 1751922?
False
Does 2 divide 300698?
True
Does 41 divide 787897?
True
Is 13 a factor of 1967212?
True
Is 19 a factor of 4659389?
True
Is 14690 a multiple of 60?
False
Does 4 divide 489734?
False
Is 10815492 a multiple of 1118?
False
Does 28 divide 3818360?
True
Is 410 a factor of 10215775?
False
Does 385 divide 13390?
False
Does 1549 divide 17629169?
True
Is 17412 a multiple of 12?
True
Does 30 divide 1092640?
False
Is 21 a factor of 358911?
True
Is 467 a factor of 1207549?
False
Is 1909161 a multiple of 8?
False
Does 434 divide 156674?
True
Is 134160 a multiple of 40?
True
Does 153 divide 130050?
True
Is 28 a factor of 158984?
True
Is